ose -2*h + 0 = u + 2, 0 = 3*u - h - 29. Calculate the remainder when 15 is divided by u.
7
Let y(h) = -h**3 - 9*h**2 - 12*h - 5. Calculate the remainder when y(-8) is divided by 14.
13
Suppose -3*o + 19 = -4*o - 5*z, 5*o + 5*z + 15 = 0. Calculate the remainder when o is divided by -2 + 2 + 2 - 1.
0
Suppose 5*v = 6 + 4. Suppose -q - q + f = -61, v*f + 91 = 3*q. Calculate the remainder when 122 is divided by q.
29
Suppose -5*d + 32 = -23. Calculate the remainder when 20 is divided by d.
9
Let p(f) = -5*f**2 - 7*f - 5. Let u be p(-4). Let q = -40 - u. Calculate the remainder when 66 is divided by q.
15
Suppose -4*c = 4*s + 32, 0*c = -4*c + s - 17. Suppose 8 = o - 0*o. What is the remainder when c/((4/2)/(-6)) is divided by o?
7
Let w(j) = -16*j**2 - 5*j - 4. Let n(b) = -15*b**2 - 4*b - 3. Let m(o) = -6*n(o) + 5*w(o). Calculate the remainder when m(-2) is divided by 14.
12
Let s(g) = -g**2 - 22*g + 17. Calculate the remainder when s(-9) is divided by 15.
14
Let l(f) = f**3 + 10*f**2 - 15*f + 1. Suppose -o - 3*b - 20 = 0, o + o = -2*b - 28. What is the remainder when l(o) is divided by 16?
13
Let x = 66 - 39. Calculate the remainder when 78 is divided by x.
24
Let s = -6 + 21. Calculate the remainder when 25 is divided by (-2)/(-3) + 185/s.
12
What is the remainder when 61 is divided by (-5 + 13/2)*14?
19
Let y = 7 + -1. Let l = 19 - y. What is the remainder when l is divided by 8?
5
Let d(f) = -3*f**2 - 4*f + 1. Suppose 3*w = 7*w + 12. Let v be d(w). What is the remainder when 8 is divided by (v + -1)*(-2)/6?
3
Let y be (-16)/(-10) + 4/10. Suppose 3*l = y*j + l - 6, -3*j + 4*l + 7 = 0. Let h = 28 + -20. What is the remainder when h is divided by j?
3
Suppose -14 = -5*b + 11. Suppose -20 = b*n - 250. Calculate the remainder when n is divided by 16.
14
Suppose 0 = 5*u - 0*u + 15. Let f(p) = -p - 1. Let d be f(-5). Let w = d + u. Calculate the remainder when 2 is divided by w.
0
Let u(x) = x**3 - 2*x**2 - 4. Suppose -1 = -3*g + 8. What is the remainder when (-2)/10 - (-82)/10 is divided by u(g)?
3
Let q(j) = -j + 4. Let p be q(4). Suppose p = -l - 2*c + 17, 0 = l - 5*c + 6 - 37. What is the remainder when l is divided by 6 - 16/4 - -9?
10
Let j(t) = -7*t**3 + 2*t + 3. What is the remainder when 30 is divided by j(-1)?
6
Let s = 12 - 8. Suppose -5*t = s*j - 42, -t - 4*j = -0*t - 2. Calculate the remainder when 110/6 + 6/9 is divided by t.
9
What is the remainder when 7/(-21) - (-158)/6 is divided by 9?
8
Suppose -x - 3 = -7. Let a be 54/12 - 6/x. Let b = 5 - a. What is the remainder when 4 is divided by b?
0
Let u(f) = f + 7. Suppose -5 = -b + 2*b. What is the remainder when u(b) is divided by (-4)/(-14) - 24/(-14)?
0
Let h = 99 - 84. Calculate the remainder when 51 is divided by h.
6
Calculate the remainder when 75 is divided by 4/(-32) - (-627)/24.
23
Calculate the remainder when ((-115)/(-9) - 0) + (-2)/(-9) is divided by 1.
0
What is the remainder when 18/12 + (-373)/(-2) is divided by 38?
36
Suppose 23*a - 29*a + 1020 = 0. What is the remainder when a is divided by 43?
41
Let i(j) = -3 + 2 - 12*j - 4. Let q(w) = -w**3 + 3*w**2 - w - 2. Let a be q(3). Calculate the remainder when i(a) is divided by 19.
17
Suppose s + 2*o = 30, s - 35 = 2*o + 15. What is the remainder when s is divided by 23?
17
Let w = -24 + 50. Calculate the remainder when 100 is divided by w.
22
Suppose 4*c = -4*y - 3 + 59, y - 13 = -2*c. What is the remainder when 29 is divided by y?
14
Suppose -w + 7 = 1. Suppose 4*r - 2 = w. Calculate the remainder when 6/(-2) + r + 21 is divided by 7.
6
Let o = 1 + 3. Calculate the remainder when o is divided by 12/10*20/8.
1
Let f be (-25 - (2 - 2)) + 3. Let s = -15 - f. Calculate the remainder when s is divided by 2.
1
What is the remainder when 105 is divided by 2/(0 - 1/(-18))?
33
Suppose -111 = -5*h - 4*r, 2*h + 3*r - 46 = r. What is the remainder when 75 is divided by h?
18
Suppose -v - 5*w = -12 - 18, -3*w = 3. Calculate the remainder when v is divided by (0 + 1)/1*9.
8
Suppose -2*k = -3*y - 10, 4*k - 5*y - 16 = -y. Let n be 1*k + -1 + -1. Suppose -2*v - 4 + 10 = n. What is the remainder when 7 is divided by v?
1
Let n = 151 + -79. What is the remainder when n is divided by 19?
15
Suppose -3*q + 382 = -5*s, -3*q + s - 6*s = -362. Suppose x = -3*x + q. Calculate the remainder when x is divided by 16.
15
Let w = -220 + 308. Let h = -56 + w. Calculate the remainder when h is divided by 11.
10
Let u = 16 + -11. Suppose -22 = 5*k - 2, -d - 4*k = 1. Suppose 0*h - u*h + d = 0. Calculate the remainder when 8 is divided by h.
2
Let p = 32 - 22. What is the remainder when 19 is divided by p?
9
Let h be -39*(2 - 12/9). Let f = -16 - h. What is the remainder when 28 is divided by f?
8
Suppose 2*t = k - 0 + 4, -3*k - 8 = -4*t. Suppose k = -2*l - 12 + 78. Suppose -4*j + l = 9. What is the remainder when j is divided by 4?
2
Let l(s) = 4*s**3 - s + 1. Let v be l(1). Suppose -5*b + 7 = -v*b. Calculate the remainder when b is divided by 4.
3
Suppose c - 20 = 5*c. Let k be c/(-7) - (-2)/7. What is the remainder when ((-2)/4)/(k/(-26)) is divided by 7?
6
Calculate the remainder when 710/20*(1 - 5*-1) is divided by 43.
41
Let a(z) = -z**3 + 2*z - 1. Let j(o) = -3*o**3 + o**2 + 5*o - 3. Let d(p) = -8*a(p) + 3*j(p). Calculate the remainder when d(2) is divided by 1/3 + 8/12.
0
Let b = -18 - -60. What is the remainder when 167 is divided by b?
41
Suppose 81 + 43 = 4*a. What is the remainder when a is divided by 16?
15
Let t(m) = 2*m**2 + 2*m + 2. Suppose 5 + 0 = 5*p. Calculate the remainder when t(3) is divided by (21/3)/p + 2.
8
Calculate the remainder when ((-18)/(-15))/((-3)/(-60)) is divided by 7.
3
Suppose 2*g + 3 = 17. Let j(t) = -t**2 + 9*t - 3. Calculate the remainder when 32 is divided by j(g).
10
Let r = 3 - -77. Calculate the remainder when 15*(-4)/(r/(-36)) is divided by 7.
6
Let h be ((-4)/12)/(1/12). Calculate the remainder when 22 is divided by (-58)/(-5) + h/(-10).
10
Suppose -4*r = -y + 3*y - 24, 0 = 3*y - 2*r - 36. Suppose 5*t - 153 = -23. Let s = t + 8. Calculate the remainder when s is divided by y.
10
Let n(j) = -3*j - 8. Let r = -14 + 6. What is the remainder when 63 is divided by n(r)?
15
Let t(d) = d + 18. Suppose -4*l + 107 = -2*s - 49, -3*l + 5*s + 124 = 0. Let x = l + -19. Calculate the remainder when t(18) is divided by x.
17
Suppose h - 6*h = -55. Suppose 3*f = 5*w + 17, 2*w = f - 2 - 5. Let v(y) = 32*y**2 + y. What is the remainder when v(f) is divided by h?
9
Calculate the remainder when (20 + -18)/((-2)/(-17)) is divided by -2 + -6*2*-1.
7
Suppose -2*k = -25 + 5. Suppose -4*q - 12 = -2*v + k, 3*q + 4 = -v. What is the remainder when 13 is divided by v?
3
Let u = -110 - -133. What is the remainder when 135 is divided by u?
20
Suppose 195 = 5*x + 4*q, 3*x + 195 = 8*x - 5*q. Let c be 2/(-3) + (-3)/9. Let a = 21 + c. What is the remainder when x is divided by a?
19
Suppose -28 = -4*g + 2*g - 4*v, 3*v = -12. Let a = -11 + 12. What is the remainder when g is divided by ((-24)/(-3))/a + 0?
6
Let s(i) = 2*i**2 - 33*i - 12. Calculate the remainder when s(18) is divided by 23.
19
Suppose -r = 2 - 15. Suppose 3*m - d = -0*d + 2, 3*m + 4*d - 7 = 0. What is the remainder when m/(2/(-76))*-1 is divided by r?
12
Let q(t) = -t**3 + 8*t**2 - 10*t + 4. Suppose 0*x + 35 = 5*x. Let g be q(x). Calculate the remainder when g/(-3 - (1 - 3)) is divided by 9.
8
Suppose 154 = 2*z + 8. What is the remainder when z is divided by 21?
10
Suppose 0 = 3*y - 6*y + 6. Let m(l) = -l + 4. Calculate the remainder when 3 is divided by m(y).
1
Suppose 3*l = 2*l + 1. Suppose 2*v = -3*q + 11, 0*q + q = 3*v. Suppose 6 = -q*x + 5*x. What is the remainder when x is divided by l?
0
Let i = 9 - 15. What is the remainder when 5*5*(-1 - -2) is divided by (13 - i/2) + -3?
12
Let u = -90 - -142. What is the remainder when u is divided by 9?
7
Let i(x) = x**2 + 20*x - 12. Let r be 39/2 + (-1)/(-2). Suppose 2*f - 4*j = -6*j + r, -3*f - 2*j = -31. Calculate the remainder when i(-22) is divided by f.
10
Let f = -48 - -93. Calculate the remainder when f is divided by 16.
13
Suppose 0 = 6*w - 171 - 1719. Calculate the remainder when w is divided by 64.
59
Let v(h) = -h**2 + 11*h + 1. Let n be v(8). Let r = n + -19. Calculate the remainder when 11 is divided by r.
5
Suppose 0 